 digit of y(-15)?
0
Let s = -85 - -85. Suppose s = -11*g - 2*g + 117. What is the units digit of g?
9
Let t(r) = 535*r**2 - 272*r - 1098. What is the tens digit of t(-4)?
5
Let k be 3 - (17768/(-4) - (-20)/(-4)). Suppose -k = 110*d - 120*d. What is the hundreds digit of d?
4
Suppose 12 = -3*t, 22940 = 81*q - 80*q - 4*t. What is the hundreds digit of q?
9
Let h(s) = s**3 + 27*s**2 + 57*s + 30100. What is the ten thousands digit of h(0)?
3
Let t(b) = -145*b - 115. Suppose -c = 5, n + 2*c = -19 - 0. What is the units digit of t(n)?
0
Suppose 5 = 5*x - 0. Let s be (7/x - 2)/1. Let j = 7 + s. What is the tens digit of j?
1
Let c be (20/6)/(3/(-9)). Let p = 0 + c. What is the units digit of 8/p + (-3992)/(-40)?
9
Let h = 82 - 76. Let c(z) = 8*z - 42. Let s be c(h). What is the units digit of 1868/12 + (-2)/(s/(-1))?
6
Let m(l) = -2*l**2 - 4*l + 38. Let t be m(-6). What is the tens digit of (112/t)/(40/(-1100))?
0
Suppose -3*z = 9*i - 11*i + 984, 3*z = -i + 501. What is the tens digit of i?
9
Suppose 3*m - 89123 + 3827 = -5*y, -5*m = 15. What is the thousands digit of y?
7
Suppose s + 2*c + 4 = 3, 4*s + c - 10 = 0. Let z(t) = s*t - t**2 + 1 + 10 + 26*t**3 - 9 - 2*t. What is the tens digit of z(2)?
0
Let t = -67 - -123. Let q be 2/((-6)/(-9)) - -91. Let v = q - t. What is the units digit of v?
8
Suppose -17*j + 134054 = 17*j + 5670. What is the tens digit of j?
7
Let r(t) = t - 19. Suppose -y = -9 + 2. Let h be r(y). What is the units digit of 1/(h/(-730)) + (-4)/(-24)?
1
Suppose -3*d = -3*a + 5*a - 886, -3*a = -3*d - 1329. Let c = 922 - a. What is the units digit of c?
9
Let q = -34 + 42. Suppose q*n - 3*n - 4025 = 0. Suppose 5*v = -4*k + n, -4*v - 4*k = -0*k - 648. What is the tens digit of v?
5
Suppose -24*g + 7744 = -2*g. Let t = g + -124. What is the tens digit of t?
2
Let h = 14597 + -8227. What is the tens digit of h?
7
Suppose 615973 = 118*k - 699373. What is the units digit of k?
7
Suppose 5*d = -11 + 36. Suppose d*v - 2*m - 21 = 0, -v + m + 15 = 6*m. What is the tens digit of (24/v)/(6/(-405)*-3)?
0
Let z = 9890 + 7622. What is the units digit of z?
2
Suppose -14*g + 287820 = 51*g. What is the tens digit of g?
2
Suppose 0 = -4*m + 16, 17*o - m = 15*o + 4. What is the units digit of 1286/(-6)*-6*2/o?
3
Suppose -2*g + 3*n = 4, -g + 2*n = -2 + 6. Suppose -4*k + 0*k - g = 0. Let v(w) = -170*w**3 + 2*w**2 + w - 1. What is the hundreds digit of v(k)?
1
Suppose -9*y - 57 = 303. Let c = -37 - y. Suppose c*q - 64 = 23. What is the tens digit of q?
2
Let g(m) = 7*m**2 - 6*m - 5. Let c be g(-2). What is the hundreds digit of (-7)/(c/(-3355)) + -3?
6
Suppose 15 = 3*a - 3. Suppose 2730 + 414 = a*r. What is the hundreds digit of r?
5
Let a(l) = -l**3 + 5*l**2 - 2*l + 2. Let v be a(2). Suppose v*o + 1 = 21. Suppose o*b = -2*b + 356. What is the units digit of b?
9
Suppose -29*n - 36403 = -68*n + 33290. What is the hundreds digit of n?
7
Let m = -7 - -12. Let k(g) = 2*g**3 - 9*g**2 - 5*g + 4. Let l be k(m). Suppose 0 = -2*n + l*t + 208, -t - 309 = -4*n + 121. What is the tens digit of n?
0
Let s(l) = 0*l - 9 - 2*l**2 - 10*l - 2*l**3 + 2*l - 2*l**2. What is the tens digit of s(-6)?
2
Let c = -8027 + 11384. What is the units digit of c?
7
Let u(n) = 29*n + 70. Let d = -184 + 192. What is the tens digit of u(d)?
0
Let q(z) = 25*z**2 - 99*z - 5. Let y be q(4). What is the hundreds digit of (y - 58/(-10))*1290/9?
6
Suppose -21*r + 15 = -16*r. Suppose 17 = -4*y - j, -4*j = -r*j + 1. What is the tens digit of (-1 - y)/(0 + 12/152)?
3
Let z(x) = x**3 - x**2 + 3. Let k be z(0). Let b be (-5)/(-60)*3 - (-1398)/8. Suppose 0 = k*l - 8*l + b. What is the tens digit of l?
3
Suppose -222 = -i + 29. Suppose 6*a - 4*a - 121 = -w, -i = -4*a - 5*w. Let g = a - 54. What is the units digit of g?
5
Let y = 46 + -44. Let d be -3*y/24*-236. Suppose 3*i - 313 = d. What is the hundreds digit of i?
1
Let y(x) = x**2 + 2*x + 135. Let u(v) = -v**3 - 2*v**2 - 93. Let q be u(0). Let w = -93 - q. What is the units digit of y(w)?
5
Let q = 294 - -257. Let j = q + -276. What is the units digit of j?
5
What is the hundreds digit of (1344981/(-18) + (-5)/30)/(20/(-15))?
0
Suppose -7*r - 5008 = -36424. What is the thousands digit of r?
4
Let c be (-1 - -2)*0/2. Suppose 0*a = -4*s - a + 17, c = 5*s + a - 22. Suppose -3*b = -8*b - 10, -s*j = -5*b - 395. What is the tens digit of j?
7
Suppose 5*h - 359 + 11769 = 0. What is the hundreds digit of (4/(-1))/(5 - h/(-456))?
9
Let p = -8513 - -12421. What is the units digit of p?
8
Let r = -2145 - -7561. What is the tens digit of r?
1
What is the thousands digit of (16/(-64))/(3/16)*921531/(-52)?
3
Suppose 23*q - 171722 = 298582. Suppose -38*d + 2*d = -q. What is the hundreds digit of d?
5
Let k = 55 - 45. Let u be (-3)/(-2) + k/4 - -1. Suppose u = 5*h, -r + 3*h + 9 = 5*h. What is the units digit of r?
7
Suppose 0 = 2*v + a - 62477, v - 299*a + 303*a - 31235 = 0. What is the hundreds digit of v?
2
Let r be 3/(33/30 + 2/5). Suppose -r*h - k - 8 = -3*k, -3*h + 4 = k. Suppose h = 3*i - 16 - 545. What is the hundreds digit of i?
1
Let w = 40654 + -26148. What is the thousands digit of w?
4
Let k(x) = -14*x + 38 + 21*x - 8*x. Let p be k(26). Suppose p = 4*d - 16. What is the units digit of d?
7
Suppose k = 12*k - 6222 - 125921. What is the ten thousands digit of k?
1
Let b(s) = -319*s**2 - 2*s - 1. Let q be b(-1). Let y = q + 149. Let a = y - -270. What is the tens digit of a?
0
Let b = 23228 - 3528. What is the tens digit of b?
0
What is the thousands digit of ((-432)/(-30))/(6*(-2)/(-7840))?
9
Let w = -5667 - -14822. What is the tens digit of w?
5
Let u(b) = -b**2 - 16*b + 19. Let l = -85 - -167. Let p = -90 + l. What is the units digit of u(p)?
3
Suppose 0 = 3*o - 6*o + 3345. Suppose -8*z - 195 = -o. What is the units digit of z?
5
Let o(u) = -2*u**3 - 11*u**2 - 9*u - 15. Let r be o(-5). Let v(t) = t - 3*t + 9*t**2 - 11*t + 2. What is the hundreds digit of v(r)?
1
Let a = -84 - -88. Suppose -24 = -a*s - 12. Let v(p) = 21*p**2 + 5*p - 4. What is the units digit of v(s)?
0
Let g be (-1)/(1 - 2)*61. Suppose 207 = 7*o - 332. Let k = o + g. What is the hundreds digit of k?
1
Let q(t) = 51*t + 71. Let b(f) = -f - 1. Let w(u) = -6*b(u) - q(u). What is the units digit of w(-15)?
0
Let y(p) be the third derivative of -11*p**4/24 - 6*p**3 - 35*p**2. What is the units digit of y(-8)?
2
Let x = 16 - 6. Suppose -5 = -5*d + x*d. Let j(b) = 147*b**2 + b. What is the hundreds digit of j(d)?
1
Suppose z + y + y + 75 = 0, 2*z + y = -141. Let s be (-3 - 0)/(z/(-12) + -5). What is the tens digit of ((-1 - s) + -2)/(18/612)?
3
Suppose 0 = -52*o + 431 + 7577. What is the tens digit of o?
5
Suppose -31161 = 4*a - 10*a - 3*d, -4*d - 5216 = -a. What is the hundreds digit of a?
1
What is the tens digit of 68/51*16074/4 - -5?
6
Let m(y) = 411*y**2 - 91*y - 21. What is the ten thousands digit of m(-8)?
2
Let x(q) = -2*q**2 - 43*q + 46. Let l be x(30). Let i = 4290 + l. What is the units digit of i?
6
Suppose 0 = -4*q + 20, -5*m + 0*q + 3*q + 65 = 0. Suppose 11*d = m + 6. Suppose -b = -t - 189, 0 = -d*b + 5*t + 14 + 376. What is the units digit of b?
5
Let f(m) = 109*m**2 + 3*m + 83. What is the thousands digit of f(-12)?
5
Let n(x) = x**3 - 45*x**2 + 48*x - 184. Let m be n(44). What is the hundreds digit of -10 - m - -326*(-3)/(-2)?
4
Let t be 14*(120/(-28))/5. Let b(p) = -p**3 - 11*p**2 + 12*p + 4. Let y be b(t). Suppose n - 2*q = 52 + 28, -y*n = 2*q - 310. What is the tens digit of n?
7
Let g(a) = -14*a - 8. Let d be g(4). Let x be 8/2 - (d + -4). Suppose -7*s + x = -6*s. What is the units digit of s?
2
Let v(c) be the second derivative of -79*c**3/3 - 65*c**2 - c. Let q(y) = 63*y + 52. Let x(h) = -12*q(h) - 5*v(h). What is the units digit of x(5)?
6
Suppose 3*v - 2 = 4*l - 33, 16 = 4*l. Let b be 25/(-2) + (v - (-39)/6). Let q(o) = o**3 + 10*o**2 - 27*o - 11. What is the tens digit of q(b)?
6
Suppose -b - 4*b = 5*a - 85, 2*b - a - 37 = 0. Let s be (-20)/(-9) + 3 + (-4)/b. Suppose 5*d - 5*i = 705, s*i - 267 - 448 = -5*d. What is the tens digit of d?
4
Let x be (-2945 - -2)*6/18. Let c = x + 1520. What is the tens digit of c?
3
Suppose 51*f = 59*f - 88. Let o(k) = 4*k**2 - 18*k + 57. What is the units digit of o(f)?
3
Suppose -4*s - 3*d = -3973 - 8696, -12664 = -4*s - 4*d. Sup